31 and 15221.
31
What is the greatest common factor of 207428 and 650?
26
What is the highest common divisor of 139540 and 20?
20
Calculate the highest common divisor of 607852 and 364.
28
Calculate the highest common divisor of 25689 and 2.
1
What is the greatest common divisor of 14 and 6141814?
14
Calculate the greatest common divisor of 10 and 220700.
10
What is the highest common factor of 44 and 186329?
11
What is the greatest common divisor of 323 and 8704?
17
Calculate the highest common factor of 4500 and 5760.
180
Calculate the highest common divisor of 5 and 1479185.
5
Calculate the greatest common divisor of 66 and 133320.
66
What is the greatest common divisor of 442 and 12428?
26
Calculate the greatest common divisor of 57521 and 97.
97
What is the highest common factor of 119054 and 15314?
494
What is the highest common factor of 387 and 184341?
129
What is the highest common factor of 120225 and 420?
105
What is the highest common factor of 135016 and 14?
14
What is the greatest common divisor of 112 and 273?
7
What is the greatest common divisor of 2429256 and 797?
797
Calculate the highest common factor of 4520 and 16680.
40
Calculate the highest common divisor of 12413961 and 119.
119
Calculate the greatest common divisor of 1168 and 48.
16
Calculate the greatest common factor of 354236 and 1027.
79
Calculate the highest common factor of 1 and 6303.
1
What is the greatest common factor of 165 and 1603935?
15
What is the greatest common factor of 564 and 24675?
141
What is the highest common factor of 134691 and 102?
51
Calculate the greatest common factor of 52461 and 2479.
67
What is the greatest common divisor of 140 and 220430?
70
What is the highest common divisor of 6 and 9286?
2
What is the highest common divisor of 135702 and 1512?
378
What is the highest common divisor of 17298 and 425723?
961
What is the highest common factor of 1180 and 380?
20
Calculate the highest common factor of 78651 and 81.
81
Calculate the greatest common divisor of 3677562 and 46.
46
Calculate the highest common divisor of 135108 and 900.
36
Calculate the greatest common divisor of 7852 and 20.
4
Calculate the highest common factor of 418753 and 53.
53
Calculate the greatest common divisor of 1905 and 12300.
15
Calculate the greatest common divisor of 126 and 100863.
63
Calculate the highest common divisor of 224 and 21770.
14
What is the greatest common factor of 166036 and 5824?
52
What is the greatest common factor of 576681 and 21?
21
What is the highest common factor of 461827 and 4384?
137
What is the highest common factor of 33 and 504867?
33
What is the highest common factor of 9422 and 1582?
14
What is the highest common divisor of 2716 and 217?
7
Calculate the highest common divisor of 109172 and 360936.
2228
What is the greatest common factor of 7119 and 189?
63
Calculate the highest common divisor of 10066 and 1918.
14
Calculate the greatest common factor of 6541 and 5275.
211
What is the greatest common divisor of 3284 and 1952?
4
What is the greatest common factor of 219 and 1602423?
219
Calculate the greatest common divisor of 294034 and 215.
43
Calculate the greatest common factor of 1 and 2452.
1
Calculate the greatest common divisor of 317925 and 405.
405
Calculate the greatest common divisor of 1090067 and 22.
11
What is the greatest common divisor of 46265 and 6745?
95
Calculate the highest common factor of 629808 and 1104.
48
What is the highest common divisor of 21889 and 1652?
413
Calculate the highest common divisor of 4570 and 393934.
914
Calculate the greatest common divisor of 2352 and 244.
4
Calculate the highest common factor of 16 and 161032.
8
What is the greatest common divisor of 16225 and 4720?
295
What is the greatest common divisor of 1908 and 26394?
318
What is the greatest common factor of 14926 and 442?
34
What is the highest common divisor of 14 and 923300?
14
What is the highest common divisor of 9114 and 43152?
186
What is the greatest common factor of 310 and 126870?
10
What is the highest common factor of 81354 and 10374?
546
What is the greatest common divisor of 1891 and 175088?
31
Calculate the highest common divisor of 351 and 5837.
13
Calculate the greatest common factor of 4755 and 38357.
317
What is the greatest common divisor of 8765 and 10?
5
What is the greatest common factor of 132 and 166947?
33
What is the greatest common divisor of 167064 and 120?
24
What is the highest common factor of 201 and 76?
1
Calculate the greatest common divisor of 55 and 1947.
11
Calculate the highest common divisor of 28323 and 333.
9
What is the greatest common divisor of 20 and 235370?
10
What is the highest common factor of 281506 and 164?
82
Calculate the highest common factor of 20598 and 30.
6
Calculate the highest common divisor of 526605 and 15.
15
Calculate the highest common factor of 38586 and 54.
6
What is the highest common divisor of 437 and 12167?
23
Calculate the greatest common factor of 15 and 257175.
15
Calculate the greatest common factor of 751223 and 1023.
341
Calculate the highest common divisor of 1317300 and 300.
300
What is the greatest common factor of 102340 and 5719?
301
Calculate the greatest common factor of 3250 and 1450.
50
Calculate the greatest common factor of 4180 and 7480.
220
What is the greatest common factor of 1210 and 230?
10
What is the greatest common factor of 41 and 136489?
41
Calculate the highest common factor of 1270 and 15045055.
635
What is the highest common factor of 373014 and 318?
318
Calculate the highest common factor of 5486 and 35026.
422
Calculate the greatest common divisor of 10098 and 70554.
66
What is the highest common divisor of 631396 and 184?
92
What is the greatest common factor of 308 and 264?
44
What is the greatest common divisor of 5083120 and 112?
112
What is the highest common factor of 22534 and 1710?
38
Calculate the greatest common divisor of 60 and 497460.
60
What is the greatest common divisor of 220 and 933636?
44
Calculate the highest common divisor of 23632 and 70.
14
Calculate the greatest common factor of 94806 and 828.
414
Calculate the highest common factor of 30513 and 56.
7
Calculate the greatest common factor of 4914 and 29666.
182
What is the highest common divisor of 428532 and 4422?
402
Calculate the highest common factor of 39 and 44889.
39
Calculate the highest common divisor of 8214 and 44178.
222
Calculate the greatest common divisor of 3185 and 875.
35
Calculate the greatest common factor of 1870 and 119.
17
Calculate the highest common divisor of 154 and 328132.
14
Calculate the greatest common factor of 2765631 and 11.
11
What is the highest common factor of 220 and 717310?
110
Calculate the highest common divisor of 28430 and 5.
5
What is the greatest common factor of 992 and 22537?
31
What is the highest common divisor of 114456 and 551?
19
What is the highest common factor of 728546 and 52?
26
What is the highest common divisor of 25993 and 4063?
17
What is the highest common factor of 288096 and 12?
12
What is the greatest common divisor of 5532 and 1309701?
1383
What is the greatest common factor of 61737 and 78?
39
Calculate the greatest common factor of 235 and 2491.
47
What is the greatest common factor of 171 and 171?
171
Calculate the greatest common divisor of 28645 and 170.
85
Calculate the greatest common factor of 247605 and 5.
5
Calculate the greatest common factor of 145130 and 12190.
230
Calculate the greatest common factor of 864 and 6752.
32
Calculate the highest common divisor of 1490 and 36207.
149
Calculate the highest common factor of 21 and 23854299.
21
Calculate the greatest common divisor of 3170988 and 72.
36
What is the greatest common factor of 137326 and 34?
34
What is the highest common divisor of 18 and 74916?
18
What is the highest common factor of 28680 and 160?
40
What is the highest common factor of 724855 and 145?
145
Calculate the highest common divisor of 1177258 and 316.
158
What is the greatest common factor of 931 and 26201?
133
Calculate the highest common divisor of 1079 and 1625.
13
What is the highest common divisor of 1764 and 6412?
28
What is the highest common factor of 3212 and 35259?
73
What is the greatest common factor of 3520377 and 153?
153
What is